{"id":20,"date":"2013-09-17T10:57:41","date_gmt":"2013-09-17T10:57:41","guid":{"rendered":"http:\/\/localhost\/wordpress\/flat-theme\/?page_id=2"},"modified":"2019-12-18T08:48:56","modified_gmt":"2019-12-18T07:48:56","slug":"sample-page-2","status":"publish","type":"page","link":"https:\/\/pschick-group.de\/wamp\/","title":{"rendered":"Startseite"},"content":{"rendered":"<section id=testimonial class=\"alizarin\"><div class=\"container\"><\/p>\n<h1 style=\"text-align: center;\"><span style=\"color: #ffffff;\">Herzlich Willkommen bei der Fortbildungsakademie &#8211; Rotmain Bayreuth GmbH<\/span><\/h1>\n<h3>&nbsp;<\/h3>\n<p>Nach mittlerweile mehr als 30 Jahren erfolgreicher Fort- und Weiterbildung von Masseuren, med. Bademeistern und Physiotherapeuten m\u00f6chten wir uns recht herzlich f\u00fcr Ihr Vertrauen und Ihre Treue in all den Jahren bedanken. Um auch in Zukunft auf dem neuesten Stand der Therapie zu bleiben und Sie bestm\u00f6glich mit Qualit\u00e4t versorgen zu k\u00f6nnen, haben wir uns mit einem starken Partner zusammengetan und die <strong>Fortbildungsakademie \u2013 Rotmain Bayreuth GmbH<\/strong> gegr\u00fcndet. Tobias Niklas und Markus Pschick werden zuk\u00fcnftig gemeinschaftlich die Gesch\u00e4ftsf\u00fchrung innehaben. Unsere R\u00e4umlichkeiten in Bayreuth (Kulmbacher Str. 11, 95445 Bayreuth) werden wie gewohnt f\u00fcr Sie zur Verf\u00fcgung stehen, lediglich die Verwaltung wird nach Regensburg in die Zentrale der Fortbildungsakademie \u2013 Markus Pschick GmbH verlegt.<br \/>\n&nbsp;<br \/>\nWir freuen uns sehr, gemeinsam in eine erfolgreiche Zukunft zu gehen und Sie weiterhin bei uns begr\u00fc\u00dfen zu d\u00fcrfen.<br \/>\nAuch Inhouse \u2013 Seminare in Ihrer Klinik, Rehazentrum, Fortbildungseinrichtung oder Praxis k\u00f6nnen wir Ihnen bei Interesse planen und durchf\u00fchren.<br \/>\n&nbsp;<br \/>\nWir hoffen, Ihnen ein interessantes und umfangreiches <strong><a href=\"https:\/\/pschick-group.de\/fortbildungsakademie\/kursprogramm\/\">Kursprogramm <\/a><\/strong>bieten zu k\u00f6nnen und w\u00fcrden uns freuen Sie in Bayreuth in der Fortbildungsakademie \u2013 Rotmain Bayreuth GmbH begr\u00fc\u00dfen zu d\u00fcrfen.<br \/>\n&nbsp;<br \/>\nDas Team der Fortbildungsakademie \u2013 Rotmain Bayreuth GmbH freut sich auf Ihr Kommen!<br \/>\n&nbsp;<\/p>\n<p>Wir sind Mitglied des BVMBZ!<br \/>\n<a href=\"https:\/\/pschick-group.de\/wamp\/wp-content\/uploads\/sites\/141\/2019\/11\/BVMBZ_Logo_4c_B_300px.jpg\"><img loading=\"lazy\" decoding=\"async\" class=\"alignnone size-full wp-image-4391\" src=\"https:\/\/pschick-group.de\/wamp\/wp-content\/uploads\/sites\/141\/2019\/11\/BVMBZ_Logo_4c_B_300px.jpg\" alt=\"\" width=\"300\" height=\"88\"><\/a><br \/>\n<div class=\"clearfix divider-md \"><\/div><br \/>\n  <div class=\"row\">\n        <\/div>\n    <\/div><\/section>\n","protected":false},"excerpt":{"rendered":"","protected":false},"author":1,"featured_media":0,"parent":0,"menu_order":0,"comment_status":"open","ping_status":"closed","template":"page-frontpage.php","meta":{"ngg_post_thumbnail":0,"footnotes":""},"class_list":["post-20","page","type-page","status-publish","hentry"],"yoast_head":"<!-- This site is optimized with the Yoast SEO plugin v15.0 - https:\/\/yoast.com\/wordpress\/plugins\/seo\/ -->\n<meta name=\"robots\" content=\"index, follow, max-snippet:-1, max-image-preview:large, max-video-preview:-1\" \/>\n<link rel=\"canonical\" href=\"https:\/\/pschick-group.de\/wamp\/\" \/>\n<meta property=\"og:locale\" content=\"de_DE\" \/>\n<meta property=\"og:type\" content=\"article\" \/>\n<meta property=\"og:title\" content=\"Startseite - Fortbildungsakademie - Rotmain Bayreuth GmbH\" \/>\n<meta property=\"og:url\" content=\"https:\/\/pschick-group.de\/wamp\/\" \/>\n<meta property=\"og:site_name\" content=\"Fortbildungsakademie - Rotmain Bayreuth GmbH\" \/>\n<meta property=\"article:modified_time\" content=\"2019-12-18T07:48:56+00:00\" \/>\n<meta property=\"og:image\" content=\"https:\/\/pschick-group.de\/wamp\/wp-content\/uploads\/sites\/141\/2019\/11\/BVMBZ_Logo_4c_B_300px.jpg\" \/>\n<meta name=\"twitter:card\" content=\"summary\" \/>\n<script type=\"application\/ld+json\" class=\"yoast-schema-graph\">{\"@context\":\"https:\/\/schema.org\",\"@graph\":[{\"@type\":\"WebSite\",\"@id\":\"https:\/\/pschick-group.de\/wamp\/#website\",\"url\":\"https:\/\/pschick-group.de\/wamp\/\",\"name\":\"Fortbildungsakademie - Rotmain Bayreuth GmbH\",\"description\":\"\",\"potentialAction\":[{\"@type\":\"SearchAction\",\"target\":\"https:\/\/pschick-group.de\/wamp\/?s={search_term_string}\",\"query-input\":\"required name=search_term_string\"}],\"inLanguage\":\"de\"},{\"@type\":\"ImageObject\",\"@id\":\"https:\/\/pschick-group.de\/wamp\/#primaryimage\",\"inLanguage\":\"de\",\"url\":\"https:\/\/pschick-group.de\/wamp\/wp-content\/uploads\/sites\/141\/2019\/11\/BVMBZ_Logo_4c_B_300px.jpg\",\"width\":300,\"height\":88},{\"@type\":\"WebPage\",\"@id\":\"https:\/\/pschick-group.de\/wamp\/#webpage\",\"url\":\"https:\/\/pschick-group.de\/wamp\/\",\"name\":\"Startseite - Fortbildungsakademie - Rotmain Bayreuth GmbH\",\"isPartOf\":{\"@id\":\"https:\/\/pschick-group.de\/wamp\/#website\"},\"primaryImageOfPage\":{\"@id\":\"https:\/\/pschick-group.de\/wamp\/#primaryimage\"},\"datePublished\":\"2013-09-17T10:57:41+00:00\",\"dateModified\":\"2019-12-18T07:48:56+00:00\",\"inLanguage\":\"de\",\"potentialAction\":[{\"@type\":\"ReadAction\",\"target\":[\"https:\/\/pschick-group.de\/wamp\/\"]}]}]}<\/script>\n<!-- \/ Yoast SEO plugin. -->","_links":{"self":[{"href":"https:\/\/pschick-group.de\/wamp\/wp-json\/wp\/v2\/pages\/20"}],"collection":[{"href":"https:\/\/pschick-group.de\/wamp\/wp-json\/wp\/v2\/pages"}],"about":[{"href":"https:\/\/pschick-group.de\/wamp\/wp-json\/wp\/v2\/types\/page"}],"author":[{"embeddable":true,"href":"https:\/\/pschick-group.de\/wamp\/wp-json\/wp\/v2\/users\/1"}],"replies":[{"embeddable":true,"href":"https:\/\/pschick-group.de\/wamp\/wp-json\/wp\/v2\/comments?post=20"}],"version-history":[{"count":22,"href":"https:\/\/pschick-group.de\/wamp\/wp-json\/wp\/v2\/pages\/20\/revisions"}],"predecessor-version":[{"id":5178,"href":"https:\/\/pschick-group.de\/wamp\/wp-json\/wp\/v2\/pages\/20\/revisions\/5178"}],"wp:attachment":[{"href":"https:\/\/pschick-group.de\/wamp\/wp-json\/wp\/v2\/media?parent=20"}],"curies":[{"name":"wp","href":"https:\/\/api.w.org\/{rel}","templated":true}]}}