{"id":39141,"date":"2020-07-22T11:18:43","date_gmt":"2020-07-22T09:18:43","guid":{"rendered":"https:\/\/pschick-group.de\/sales\/?post_type=product&#038;p=39141"},"modified":"2020-07-22T11:26:34","modified_gmt":"2020-07-22T09:26:34","slug":"schuhe","status":"publish","type":"product","link":"https:\/\/pschick-group.de\/sales\/produkt\/schuhe\/","title":{"rendered":"Chung-Shi Schuhe"},"content":{"rendered":"","protected":false},"excerpt":{"rendered":"<p style=\"text-align: left;\"><b>Eine gro\u00dfe Auswahl aller Schuhe wie z.B. die DUX Sandale, Duxilette, Sensomo oder auch den DUX Berlin finden Sie ab sofort im offiziellen &#8220;Chung-Shi&#8221; Online-Shop.&nbsp;<\/b><\/p>\n<p style=\"text-align: left;\"><b>Um dort bestellen zu k\u00f6nnen, <a href=\"https:\/\/pschick-group.de\/sales\/wp-content\/uploads\/sites\/31\/2020\/06\/Registrierung-B2B-Therapie.pdf\" target=\"_blank\" rel=\"noopener noreferrer\">lesen Sie diese detaillierte&nbsp;Anleitung<\/a> und <\/b><a style=\"font-weight: bold;\" href=\"https:\/\/b2b.chung-shi-shop.com\/konto-eroeffnen\/\" target=\"_blank\" rel=\"noopener noreferrer\">registrieren Sie sich bitte HIER.<\/a><\/p>\n<p style=\"text-align: left;\"><strong>Anschlie\u00dfend k\u00f6nnen Sie alle Schuhe direkt <a href=\"https:\/\/b2b.chung-shi-shop.com\/\" target=\"_blank\" rel=\"noopener noreferrer\">HIER<\/a> \u00fcber den <a href=\"https:\/\/b2b.chung-shi-shop.com\/\" target=\"_blank\" rel=\"noopener noreferrer\">Chung-Shi OnlineShop<\/a> ansehen und bestellen!<\/strong><\/p>\n","protected":false},"featured_media":39151,"comment_status":"closed","ping_status":"closed","template":"","meta":{"ngg_post_thumbnail":0},"class_list":["post-39141","product","type-product","status-publish","has-post-thumbnail","hentry","product_cat-schuhe"],"yoast_head":"<!-- This site is optimized with the Yoast SEO plugin v15.0 - https:\/\/yoast.com\/wordpress\/plugins\/seo\/ -->\n<title>Chung-Shi Schuhe - Pschick Sales<\/title>\n<meta name=\"robots\" content=\"index, follow, max-snippet:-1, max-image-preview:large, max-video-preview:-1\" \/>\n<link rel=\"canonical\" href=\"https:\/\/pschick-group.de\/sales\/produkt\/schuhe\/\" \/>\n<meta property=\"og:locale\" content=\"de_DE\" \/>\n<meta property=\"og:type\" content=\"article\" \/>\n<meta property=\"og:title\" content=\"Chung-Shi Schuhe - Pschick Sales\" \/>\n<meta property=\"og:description\" content=\"Eine gro\u00dfe Auswahl aller Schuhe wie z.B. die DUX Sandale, Duxilette, Sensomo oder auch den DUX Berlin finden Sie ab sofort im offiziellen &quot;Chung-Shi&quot; Online-Shop.&nbsp; Um dort bestellen zu k\u00f6nnen, lesen Sie diese detaillierte&nbsp;Anleitung und registrieren Sie sich bitte HIER. Anschlie\u00dfend k\u00f6nnen Sie alle Schuhe direkt HIER \u00fcber den Chung-Shi OnlineShop ansehen und bestellen!\" \/>\n<meta property=\"og:url\" content=\"https:\/\/pschick-group.de\/sales\/produkt\/schuhe\/\" \/>\n<meta property=\"og:site_name\" content=\"Pschick Sales\" \/>\n<meta property=\"article:modified_time\" content=\"2020-07-22T09:26:34+00:00\" \/>\n<meta property=\"og:image\" content=\"https:\/\/pschick-group.de\/sales\/wp-content\/uploads\/sites\/31\/2020\/07\/Schuhe2.jpg\" \/>\n\t<meta property=\"og:image:width\" content=\"1000\" \/>\n\t<meta property=\"og:image:height\" content=\"1000\" \/>\n<meta name=\"twitter:card\" content=\"summary\" \/>\n<script type=\"application\/ld+json\" class=\"yoast-schema-graph\">{\"@context\":\"https:\/\/schema.org\",\"@graph\":[{\"@type\":\"WebSite\",\"@id\":\"https:\/\/pschick-group.de\/sales\/#website\",\"url\":\"https:\/\/pschick-group.de\/sales\/\",\"name\":\"Pschick Sales\",\"description\":\"Online Shop\",\"potentialAction\":[{\"@type\":\"SearchAction\",\"target\":\"https:\/\/pschick-group.de\/sales\/?s={search_term_string}\",\"query-input\":\"required name=search_term_string\"}],\"inLanguage\":\"de\"},{\"@type\":\"ImageObject\",\"@id\":\"https:\/\/pschick-group.de\/sales\/produkt\/schuhe\/#primaryimage\",\"inLanguage\":\"de\",\"url\":\"https:\/\/pschick-group.de\/sales\/wp-content\/uploads\/sites\/31\/2020\/07\/Schuhe2.jpg\",\"width\":1000,\"height\":1000},{\"@type\":\"WebPage\",\"@id\":\"https:\/\/pschick-group.de\/sales\/produkt\/schuhe\/#webpage\",\"url\":\"https:\/\/pschick-group.de\/sales\/produkt\/schuhe\/\",\"name\":\"Chung-Shi Schuhe - Pschick Sales\",\"isPartOf\":{\"@id\":\"https:\/\/pschick-group.de\/sales\/#website\"},\"primaryImageOfPage\":{\"@id\":\"https:\/\/pschick-group.de\/sales\/produkt\/schuhe\/#primaryimage\"},\"datePublished\":\"2020-07-22T09:18:43+00:00\",\"dateModified\":\"2020-07-22T09:26:34+00:00\",\"inLanguage\":\"de\",\"potentialAction\":[{\"@type\":\"ReadAction\",\"target\":[\"https:\/\/pschick-group.de\/sales\/produkt\/schuhe\/\"]}]}]}<\/script>\n<!-- \/ Yoast SEO plugin. -->","_links":{"self":[{"href":"https:\/\/pschick-group.de\/sales\/wp-json\/wp\/v2\/product\/39141"}],"collection":[{"href":"https:\/\/pschick-group.de\/sales\/wp-json\/wp\/v2\/product"}],"about":[{"href":"https:\/\/pschick-group.de\/sales\/wp-json\/wp\/v2\/types\/product"}],"replies":[{"embeddable":true,"href":"https:\/\/pschick-group.de\/sales\/wp-json\/wp\/v2\/comments?post=39141"}],"wp:featuredmedia":[{"embeddable":true,"href":"https:\/\/pschick-group.de\/sales\/wp-json\/wp\/v2\/media\/39151"}],"wp:attachment":[{"href":"https:\/\/pschick-group.de\/sales\/wp-json\/wp\/v2\/media?parent=39141"}],"curies":[{"name":"wp","href":"https:\/\/api.w.org\/{rel}","templated":true}]}}