{"id":20,"date":"2013-09-17T10:57:41","date_gmt":"2013-09-17T10:57:41","guid":{"rendered":"http:\/\/localhost\/wordpress\/flat-theme\/?page_id=2"},"modified":"2017-09-13T10:10:32","modified_gmt":"2017-09-13T08:10:32","slug":"sample-page-2","status":"publish","type":"page","link":"https:\/\/pschick-group.de\/paw\/","title":{"rendered":"Startseite"},"content":{"rendered":"<section id=testimonial class=\"alizarin\"><div class=\"container\"><\/p>\n<p>&nbsp;<\/p>\n<h2 style=\"text-align: center;color: #585858\">Herzlich Willkommen in der Praxis am Westend<\/h2>\n<h4><span style=\"color: #585858\">Unsere Praxis<\/span><\/h4>\n<p class=\"fliesstext\"><span style=\"color: #585858\">Umfassende Befunderhebung und Beratung ist der erste Schritt zu einer erfolgreichen Behandlung.<\/span><\/p>\n<p class=\"fliesstext\"><span style=\"color: #585858\">Gerne informieren Sie unsere Damen an der Anmeldung \u00fcber unsere laufenden Aktionen.<\/span><\/p>\n<p class=\"fliesstext\"><span style=\"color: #585858\">Entspannen Sie sich nach dem Training oder Ihrer Therapie in unserem Empfangsbereich\/Terrasse bei einem kostenlosen Glas Wasser, Tee oder Kaffee.<\/span><\/p>\n<p class=\"fliesstext\"><span style=\"color: #585858\">Um die Intimsph\u00e4re zu wahren, arbeiten wir ausschlie\u00dflich in abgeschlossenen Behandlungsr\u00e4umen.<\/span><br \/>\n<span style=\"color: #585858\">Diese sind rollstuhlgeeignet.<\/span><\/p>\n<p class=\"adresse\"><span style=\"color: #585858\">&nbsp;<\/span><\/p>\n<h4><span style=\"color: #585858\">Unser Leistungsspektrum<\/span><\/h4>\n<p>&nbsp;<\/p>\n<ul>\n<li><span style=\"color: #585858\">Krankengymnastik<\/span><\/li>\n<li><span style=\"color: #585858\">Klassische Massage<\/span><\/li>\n<li><span style=\"color: #585858\">Manuelle Lymphdrainage<\/span><\/li>\n<li><span style=\"color: #585858\">Sportphysiotherapie Lizenz DOSB<\/span><\/li>\n<li><span style=\"color: #585858\">Manuelle Therapie<\/span><\/li>\n<li><span style=\"color: #585858\">Medizinische Trainingstherapie<\/span><\/li>\n<li><span style=\"color: #585858\">Therapie nach Bobath<\/span><\/li>\n<li><span style=\"color: #585858\">Therapie nach Mc Kenzie<\/span><\/li>\n<li><span style=\"color: #585858\">Therapie nach Cyriax<\/span><\/li>\n<li><span style=\"color: #585858\">Schlingentisch Therapie \/ Extensionsbehandlung<\/span><\/li>\n<li><span style=\"color: #585858\">D1 &#8211; Komplextherapie (MINI-Reha)<\/span><\/li>\n<li><span style=\"color: #585858\">Tapeverb\u00e4nde<\/span><\/li>\n<li><span style=\"color: #585858\">Kiefergelenksbehandlung<\/span><\/li>\n<li><span style=\"color: #585858\">Bindegewebsmassage<\/span><\/li>\n<li><span style=\"color: #585858\">Elektrotherapie, Ultraschall<\/span><\/li>\n<li><span style=\"color: #585858\">Fango, Hei\u00dfluft<\/span><\/li>\n<li><span style=\"color: #585858\">Kryotherapie, Eis<\/span><\/li>\n<li><span style=\"color: #585858\">Orthp\u00e4dische R\u00fcckenschule<\/span><\/li>\n<li><span style=\"color: #585858\">Wirbels\u00e4ulengymnastik<\/span><\/li>\n<li><span style=\"color: #585858\">Fu\u00dfreflexzonenmassage<\/span><\/li>\n<li><span style=\"color: #585858\">Vereinsbetreuung<\/span><\/li>\n<li><span style=\"color: #585858\">Kinesiotape-Medical Taping Concept<\/span><\/li>\n<li><span style=\"color: #585858\">Cranio-Sacrale-Therapie<\/span><\/li>\n<li><span style=\"color: #585858\">Sanfte Myofasciale Anhaktechnik<\/span><\/li>\n<li><span style=\"color: #585858\">Triggerpunkt &#8211; Therapie<\/span><\/li>\n<li><span style=\"color: #585858\">Pain Relief Technique<\/span><\/li>\n<li><span style=\"color: #585858\">Atlastherapie<\/span><\/li>\n<li><span style=\"color: #585858\">PST &#8211; Propriozeptisches Sensomotorisches Taping<\/span><\/li>\n<li><span style=\"color: #585858\">Wirbels\u00e4ulentherapie nach Dorn &amp; Breuss<\/span><\/li>\n<li><span style=\"color: #585858\">Medical Flossing<\/span><\/li>\n<li><span style=\"color: #585858\">und vieles mehr&#8230;<\/span><\/li>\n<\/ul>\n<p>&nbsp;<\/p>\n<h4><span style=\"color: #585858\"><img loading=\"lazy\" decoding=\"async\" width=\"267\" height=\"200\" align=\"right\" alt=\"\" src=\"https:\/\/pschick-group.de\/paw\/wp-content\/uploads\/sites\/41\/2015\/09\/swift.jpg\"><\/span><\/h4>\n<p><span style=\"color: #004f9f\"><strong><br \/>\nHausbesuche nach Vereinbarung<br \/>\nUnsere Praxis ist selbstverst\u00e4ndlich rollstuhlgeeignet.<\/strong><\/span><\/p>\n<p><span style=\"color: #004f9f\"><strong>ALLE&nbsp;KASSEN&nbsp;!!!<\/strong><\/span><\/p>\n<p><div class=\"clearfix divider-md \"><\/div>  <div class=\"row\">\n        <\/div>\n    <\/div><\/section>\n","protected":false},"excerpt":{"rendered":"","protected":false},"author":1,"featured_media":0,"parent":0,"menu_order":0,"comment_status":"open","ping_status":"closed","template":"page-frontpage.php","meta":{"ngg_post_thumbnail":0,"footnotes":""},"class_list":["post-20","page","type-page","status-publish","hentry"],"yoast_head":"<!-- This site is optimized with the Yoast SEO plugin v15.0 - https:\/\/yoast.com\/wordpress\/plugins\/seo\/ -->\n<meta name=\"robots\" content=\"index, follow, max-snippet:-1, max-image-preview:large, max-video-preview:-1\" \/>\n<link rel=\"canonical\" href=\"https:\/\/pschick-group.de\/paw\/\" \/>\n<meta property=\"og:locale\" content=\"de_DE\" \/>\n<meta property=\"og:type\" content=\"article\" \/>\n<meta property=\"og:title\" content=\"Startseite - Praxis am Westend\" \/>\n<meta property=\"og:url\" content=\"https:\/\/pschick-group.de\/paw\/\" \/>\n<meta property=\"og:site_name\" content=\"Praxis am Westend\" \/>\n<meta property=\"article:modified_time\" content=\"2017-09-13T08:10:32+00:00\" \/>\n<meta property=\"og:image\" content=\"https:\/\/pschick-group.de\/paw\/wp-content\/uploads\/sites\/41\/2015\/09\/swift.jpg\" \/>\n<meta name=\"twitter:card\" content=\"summary\" \/>\n<script type=\"application\/ld+json\" class=\"yoast-schema-graph\">{\"@context\":\"https:\/\/schema.org\",\"@graph\":[{\"@type\":\"WebSite\",\"@id\":\"https:\/\/pschick-group.de\/paw\/#website\",\"url\":\"https:\/\/pschick-group.de\/paw\/\",\"name\":\"Praxis am Westend\",\"description\":\"Eine weitere Pschick Group Seiten Website\",\"potentialAction\":[{\"@type\":\"SearchAction\",\"target\":\"https:\/\/pschick-group.de\/paw\/?s={search_term_string}\",\"query-input\":\"required name=search_term_string\"}],\"inLanguage\":\"de\"},{\"@type\":\"ImageObject\",\"@id\":\"https:\/\/pschick-group.de\/paw\/#primaryimage\",\"inLanguage\":\"de\",\"url\":\"https:\/\/pschick-group.de\/paw\/wp-content\/uploads\/sites\/41\/2015\/09\/swift.jpg\",\"width\":640,\"height\":480},{\"@type\":\"WebPage\",\"@id\":\"https:\/\/pschick-group.de\/paw\/#webpage\",\"url\":\"https:\/\/pschick-group.de\/paw\/\",\"name\":\"Startseite - Praxis am Westend\",\"isPartOf\":{\"@id\":\"https:\/\/pschick-group.de\/paw\/#website\"},\"primaryImageOfPage\":{\"@id\":\"https:\/\/pschick-group.de\/paw\/#primaryimage\"},\"datePublished\":\"2013-09-17T10:57:41+00:00\",\"dateModified\":\"2017-09-13T08:10:32+00:00\",\"inLanguage\":\"de\",\"potentialAction\":[{\"@type\":\"ReadAction\",\"target\":[\"https:\/\/pschick-group.de\/paw\/\"]}]}]}<\/script>\n<!-- \/ Yoast SEO plugin. -->","_links":{"self":[{"href":"https:\/\/pschick-group.de\/paw\/wp-json\/wp\/v2\/pages\/20"}],"collection":[{"href":"https:\/\/pschick-group.de\/paw\/wp-json\/wp\/v2\/pages"}],"about":[{"href":"https:\/\/pschick-group.de\/paw\/wp-json\/wp\/v2\/types\/page"}],"author":[{"embeddable":true,"href":"https:\/\/pschick-group.de\/paw\/wp-json\/wp\/v2\/users\/1"}],"replies":[{"embeddable":true,"href":"https:\/\/pschick-group.de\/paw\/wp-json\/wp\/v2\/comments?post=20"}],"version-history":[{"count":17,"href":"https:\/\/pschick-group.de\/paw\/wp-json\/wp\/v2\/pages\/20\/revisions"}],"predecessor-version":[{"id":3421,"href":"https:\/\/pschick-group.de\/paw\/wp-json\/wp\/v2\/pages\/20\/revisions\/3421"}],"wp:attachment":[{"href":"https:\/\/pschick-group.de\/paw\/wp-json\/wp\/v2\/media?parent=20"}],"curies":[{"name":"wp","href":"https:\/\/api.w.org\/{rel}","templated":true}]}}