{"id":1611,"date":"2015-10-14T20:04:13","date_gmt":"2015-10-14T18:04:13","guid":{"rendered":"http:\/\/pschick-group.de\/fortbildungsakademie\/?page_id=1611"},"modified":"2026-02-13T15:31:25","modified_gmt":"2026-02-13T14:31:25","slug":"downloads","status":"publish","type":"page","link":"https:\/\/pschick-group.de\/fortbildungsakademie\/downloads","title":{"rendered":"Downloads"},"content":{"rendered":"\t\t<div data-elementor-type=\"wp-page\" data-elementor-id=\"1611\" class=\"elementor elementor-1611\">\n\t\t\t\t\t\t<section class=\"elementor-section elementor-top-section elementor-element elementor-element-58dc070 elementor-section-boxed elementor-section-height-default elementor-section-height-default\" data-id=\"58dc070\" data-element_type=\"section\">\n\t\t\t\t\t\t<div class=\"elementor-container elementor-column-gap-default\">\n\t\t\t\t\t<div class=\"elementor-column elementor-col-100 elementor-top-column elementor-element elementor-element-032a612\" data-id=\"032a612\" data-element_type=\"column\">\n\t\t\t<div class=\"elementor-widget-wrap elementor-element-populated\">\n\t\t\t\t\t\t<div class=\"elementor-element elementor-element-2f82c69 elementor-widget elementor-widget-accordion\" data-id=\"2f82c69\" data-element_type=\"widget\" data-widget_type=\"accordion.default\">\n\t\t\t\t<div class=\"elementor-widget-container\">\n\t\t\t\t\t\t\t<div class=\"elementor-accordion\">\n\t\t\t\t\t\t\t<div class=\"elementor-accordion-item\">\n\t\t\t\t\t<div id=\"elementor-tab-title-4981\" class=\"elementor-tab-title\" data-tab=\"1\" role=\"button\" aria-controls=\"elementor-tab-content-4981\" aria-expanded=\"false\">\n\t\t\t\t\t\t\t\t\t\t\t\t\t<span class=\"elementor-accordion-icon elementor-accordion-icon-left\" aria-hidden=\"true\">\n\t\t\t\t\t\t\t\t\t\t\t\t\t\t\t<span class=\"elementor-accordion-icon-closed\"><i class=\"fas fa-plus\"><\/i><\/span>\n\t\t\t\t\t\t\t\t<span class=\"elementor-accordion-icon-opened\"><i class=\"fas fa-minus\"><\/i><\/span>\n\t\t\t\t\t\t\t\t\t\t\t\t\t\t<\/span>\n\t\t\t\t\t\t\t\t\t\t\t\t<a class=\"elementor-accordion-title\" tabindex=\"0\">Kursprogramm<\/a>\n\t\t\t\t\t<\/div>\n\t\t\t\t\t<div id=\"elementor-tab-content-4981\" class=\"elementor-tab-content elementor-clearfix\" data-tab=\"1\" role=\"region\" aria-labelledby=\"elementor-tab-title-4981\"><p><span style=\"color: #333333;\"><strong>Kursprogramm Fortbildungsakademie \u2013 Markus Pschick Gm<\/strong><strong>bH<br \/><\/strong><\/span><\/p><p><a href=\"https:\/\/pschick-group.de\/fortbildungsakademie\/wp-content\/uploads\/sites\/11\/2026\/02\/01.26fertig_-2.pdf\"><img fetchpriority=\"high\" decoding=\"async\" class=\"alignnone wp-image-349957 size-medium\" src=\"https:\/\/pschick-group.de\/fortbildungsakademie\/wp-content\/uploads\/sites\/11\/2026\/02\/Titelseite-2026-2-212x300.jpg\" alt=\"\" width=\"212\" height=\"300\" srcset=\"https:\/\/pschick-group.de\/fortbildungsakademie\/wp-content\/uploads\/sites\/11\/2026\/02\/Titelseite-2026-2-212x300.jpg 212w, https:\/\/pschick-group.de\/fortbildungsakademie\/wp-content\/uploads\/sites\/11\/2026\/02\/Titelseite-2026-2-724x1024.jpg 724w, https:\/\/pschick-group.de\/fortbildungsakademie\/wp-content\/uploads\/sites\/11\/2026\/02\/Titelseite-2026-2-768x1086.jpg 768w, https:\/\/pschick-group.de\/fortbildungsakademie\/wp-content\/uploads\/sites\/11\/2026\/02\/Titelseite-2026-2-1086x1536.jpg 1086w, https:\/\/pschick-group.de\/fortbildungsakademie\/wp-content\/uploads\/sites\/11\/2026\/02\/Titelseite-2026-2-1448x2048.jpg 1448w, https:\/\/pschick-group.de\/fortbildungsakademie\/wp-content\/uploads\/sites\/11\/2026\/02\/Titelseite-2026-2-600x849.jpg 600w, https:\/\/pschick-group.de\/fortbildungsakademie\/wp-content\/uploads\/sites\/11\/2026\/02\/Titelseite-2026-2-82x116.jpg 82w, https:\/\/pschick-group.de\/fortbildungsakademie\/wp-content\/uploads\/sites\/11\/2026\/02\/Titelseite-2026-2-scaled.jpg 1810w\" sizes=\"(max-width: 212px) 100vw, 212px\" \/><\/a><\/p><hr \/><\/div>\n\t\t\t\t<\/div>\n\t\t\t\t\t\t\t<div class=\"elementor-accordion-item\">\n\t\t\t\t\t<div id=\"elementor-tab-title-4982\" class=\"elementor-tab-title\" data-tab=\"2\" role=\"button\" aria-controls=\"elementor-tab-content-4982\" aria-expanded=\"false\">\n\t\t\t\t\t\t\t\t\t\t\t\t\t<span class=\"elementor-accordion-icon elementor-accordion-icon-left\" aria-hidden=\"true\">\n\t\t\t\t\t\t\t\t\t\t\t\t\t\t\t<span class=\"elementor-accordion-icon-closed\"><i class=\"fas fa-plus\"><\/i><\/span>\n\t\t\t\t\t\t\t\t<span class=\"elementor-accordion-icon-opened\"><i class=\"fas fa-minus\"><\/i><\/span>\n\t\t\t\t\t\t\t\t\t\t\t\t\t\t<\/span>\n\t\t\t\t\t\t\t\t\t\t\t\t<a class=\"elementor-accordion-title\" tabindex=\"0\">Unterkunftsverzeichnisse<\/a>\n\t\t\t\t\t<\/div>\n\t\t\t\t\t<div id=\"elementor-tab-content-4982\" class=\"elementor-tab-content elementor-clearfix\" data-tab=\"2\" role=\"region\" aria-labelledby=\"elementor-tab-title-4982\"><p><span style=\"color: #333333\"><a style=\"color: #333333\" href=\"https:\/\/pschick-group.de\/fortbildungsakademie\/wp-content\/uploads\/sites\/11\/2018\/09\/Unterkuenfte-Regensburg.pdf\" target=\"_blank\" rel=\"noopener\"><strong>Unterk\u00fcnfte Regensburg<\/strong><\/a><\/span><\/p><hr \/><p><span style=\"color: #333333\"><strong><a style=\"color: #333333\" href=\"https:\/\/pschick-group.de\/fortbildungsakademie\/wp-content\/uploads\/sites\/11\/2015\/10\/UnterkuenfteRosenheim.pdf\" target=\"_blank\" rel=\"noopener\">Unterk\u00fcnfte Rosenheim<\/a><\/strong><\/span><\/p><hr \/><p><span style=\"color: #333333\"><strong><a style=\"color: #333333\" href=\"https:\/\/pschick-group.de\/fortbildungsakademie\/wp-content\/uploads\/sites\/11\/2015\/10\/UnterkuenfteWuerzburg.pdf\" target=\"_blank\" rel=\"noopener\">Unterk\u00fcnfte W\u00fcrzburg<\/a><\/strong><\/span><\/p><hr \/><p><span style=\"color: #333333\"><a style=\"color: #333333\" href=\"https:\/\/pschick-group.de\/fortbildungsakademie\/wp-content\/uploads\/sites\/11\/2018\/03\/Unterk%C3%BCnfte-Bayreuth.pdf\" target=\"_blank\" rel=\"noopener\"><strong>Unterk\u00fcnfte Bayreuth<\/strong><\/a><\/span><\/p><hr \/><p><span style=\"color: #333333\"><a style=\"color: #333333\" href=\"https:\/\/pschick-group.de\/fortbildungsakademie\/wp-content\/uploads\/sites\/11\/2019\/09\/Unterkunft.pdf\" target=\"_blank\" rel=\"noopener\"><strong>Unterk\u00fcnfte Thyrnau bei Passau<\/strong><\/a><\/span><\/p><\/div>\n\t\t\t\t<\/div>\n\t\t\t\t\t\t\t<div class=\"elementor-accordion-item\">\n\t\t\t\t\t<div id=\"elementor-tab-title-4983\" class=\"elementor-tab-title\" data-tab=\"3\" role=\"button\" aria-controls=\"elementor-tab-content-4983\" aria-expanded=\"false\">\n\t\t\t\t\t\t\t\t\t\t\t\t\t<span class=\"elementor-accordion-icon elementor-accordion-icon-left\" aria-hidden=\"true\">\n\t\t\t\t\t\t\t\t\t\t\t\t\t\t\t<span class=\"elementor-accordion-icon-closed\"><i class=\"fas fa-plus\"><\/i><\/span>\n\t\t\t\t\t\t\t\t<span class=\"elementor-accordion-icon-opened\"><i class=\"fas fa-minus\"><\/i><\/span>\n\t\t\t\t\t\t\t\t\t\t\t\t\t\t<\/span>\n\t\t\t\t\t\t\t\t\t\t\t\t<a class=\"elementor-accordion-title\" tabindex=\"0\">Sonstiges<\/a>\n\t\t\t\t\t<\/div>\n\t\t\t\t\t<div id=\"elementor-tab-content-4983\" class=\"elementor-tab-content elementor-clearfix\" data-tab=\"3\" role=\"region\" aria-labelledby=\"elementor-tab-title-4983\"><p><span style=\"color: #333333\"><strong><a style=\"color: #333333\" href=\"https:\/\/pschick-group.de\/fortbildungsakademie\/wp-content\/uploads\/sites\/11\/2015\/10\/CMDAnamneseBefund.pdf\" target=\"_blank\" rel=\"noopener noreferrer\">CMD Anamnese- &amp; Befundbogen<\/a><\/strong><\/span><\/p><hr \/><p><span style=\"color: #333333\"><strong><a style=\"color: #333333\" href=\"https:\/\/pschick-group.de\/fortbildungsakademie\/wp-content\/uploads\/sites\/11\/2016\/05\/Katalog-PS_online.pdf\" target=\"_blank\" rel=\"noopener noreferrer\">Pschick Sales Katalog<\/a><\/strong><\/span><\/p><hr \/><p><span style=\"color: #333333\"><a style=\"color: #333333\" href=\"https:\/\/pschick-group.de\/fortbildungsakademie\/wp-content\/uploads\/sites\/11\/2018\/03\/MT-Korrigenda.pdf\" target=\"_blank\" rel=\"noopener\"><strong>Korrigenda\/Erg\u00e4nzungen Manuelle Therapie \u2013 Mehr als nur Mobilisation!<\/strong><\/a><\/span><\/p><\/div>\n\t\t\t\t<\/div>\n\t\t\t\t\t\t\t<div class=\"elementor-accordion-item\">\n\t\t\t\t\t<div id=\"elementor-tab-title-4984\" class=\"elementor-tab-title\" data-tab=\"4\" role=\"button\" aria-controls=\"elementor-tab-content-4984\" aria-expanded=\"false\">\n\t\t\t\t\t\t\t\t\t\t\t\t\t<span class=\"elementor-accordion-icon elementor-accordion-icon-left\" aria-hidden=\"true\">\n\t\t\t\t\t\t\t\t\t\t\t\t\t\t\t<span class=\"elementor-accordion-icon-closed\"><i class=\"fas fa-plus\"><\/i><\/span>\n\t\t\t\t\t\t\t\t<span class=\"elementor-accordion-icon-opened\"><i class=\"fas fa-minus\"><\/i><\/span>\n\t\t\t\t\t\t\t\t\t\t\t\t\t\t<\/span>\n\t\t\t\t\t\t\t\t\t\t\t\t<a class=\"elementor-accordion-title\" tabindex=\"0\">Kursskripte<\/a>\n\t\t\t\t\t<\/div>\n\t\t\t\t\t<div id=\"elementor-tab-content-4984\" class=\"elementor-tab-content elementor-clearfix\" data-tab=\"4\" role=\"region\" aria-labelledby=\"elementor-tab-title-4984\"><p><span style=\"color: #000000\"><a style=\"color: #000000\" href=\"https:\/\/pschick-group.de\/mt-skript\/\" target=\"_blank\" rel=\"noopener\"><strong>Manuelle Therapie der FAMP &#8211; Skript<\/strong><\/a><\/span><\/p><p><strong><a href=\"https:\/\/pschick-group.de\/kgg-skript-2\/\">KGG &#8211; Skript<\/a><\/strong><\/p><\/div>\n\t\t\t\t<\/div>\n\t\t\t\t\t\t\t<div class=\"elementor-accordion-item\">\n\t\t\t\t\t<div id=\"elementor-tab-title-4985\" class=\"elementor-tab-title\" data-tab=\"5\" role=\"button\" aria-controls=\"elementor-tab-content-4985\" aria-expanded=\"false\">\n\t\t\t\t\t\t\t\t\t\t\t\t\t<span class=\"elementor-accordion-icon elementor-accordion-icon-left\" aria-hidden=\"true\">\n\t\t\t\t\t\t\t\t\t\t\t\t\t\t\t<span class=\"elementor-accordion-icon-closed\"><i class=\"fas fa-plus\"><\/i><\/span>\n\t\t\t\t\t\t\t\t<span class=\"elementor-accordion-icon-opened\"><i class=\"fas fa-minus\"><\/i><\/span>\n\t\t\t\t\t\t\t\t\t\t\t\t\t\t<\/span>\n\t\t\t\t\t\t\t\t\t\t\t\t<a class=\"elementor-accordion-title\" tabindex=\"0\">TmB-Club<\/a>\n\t\t\t\t\t<\/div>\n\t\t\t\t\t<div id=\"elementor-tab-content-4985\" class=\"elementor-tab-content elementor-clearfix\" data-tab=\"5\" role=\"region\" aria-labelledby=\"elementor-tab-title-4985\"><p><a href=\"https:\/\/pschick-group.de\/fortbildungsakademie\/wp-content\/uploads\/sites\/11\/2021\/02\/TmB-Journal-1-21-kostenlose-Erstausgabe.pdf\" target=\"_blank\" rel=\"noopener\">TmB Journal _ 1<\/a><\/p><\/div>\n\t\t\t\t<\/div>\n\t\t\t\t\t\t\t\t<\/div>\n\t\t\t\t\t\t<\/div>\n\t\t\t\t<\/div>\n\t\t\t\t\t<\/div>\n\t\t<\/div>\n\t\t\t\t\t<\/div>\n\t\t<\/section>\n\t\t\t\t<\/div>\n\t\t","protected":false},"excerpt":{"rendered":"<p>Kursprogramm Kursprogramm Fortbildungsakademie \u2013 Markus Pschick GmbH Unterkunftsverzeichnisse Unterk\u00fcnfte Regensburg Unterk\u00fcnfte Rosenheim Unterk\u00fcnfte W\u00fcrzburg Unterk\u00fcnfte Bayreuth Unterk\u00fcnfte Thyrnau bei Passau Sonstiges CMD Anamnese- &amp; Befundbogen Pschick Sales Katalog Korrigenda\/Erg\u00e4nzungen Manuelle Therapie \u2013 Mehr als nur Mobilisation! Kursskripte Manuelle Therapie der &hellip; <\/p>\n","protected":false},"author":1,"featured_media":0,"parent":0,"menu_order":0,"comment_status":"closed","ping_status":"closed","template":"","meta":{"ngg_post_thumbnail":0,"footnotes":""},"class_list":["post-1611","page","type-page","status-publish","hentry"],"yoast_head":"<!-- This site is optimized with the Yoast SEO plugin v15.0 - https:\/\/yoast.com\/wordpress\/plugins\/seo\/ -->\n<title>Downloads - Fortbildungsakademie - Markus Pschick GmbH<\/title>\n<meta name=\"robots\" content=\"index, follow, max-snippet:-1, max-image-preview:large, max-video-preview:-1\" \/>\n<link rel=\"canonical\" href=\"https:\/\/pschick-group.de\/fortbildungsakademie\/downloads\" \/>\n<meta property=\"og:locale\" content=\"de_DE\" \/>\n<meta property=\"og:type\" content=\"article\" \/>\n<meta property=\"og:title\" content=\"Downloads - Fortbildungsakademie - Markus Pschick GmbH\" \/>\n<meta property=\"og:description\" content=\"Kursprogramm Kursprogramm Fortbildungsakademie \u2013 Markus Pschick GmbH Unterkunftsverzeichnisse Unterk\u00fcnfte Regensburg Unterk\u00fcnfte Rosenheim Unterk\u00fcnfte W\u00fcrzburg Unterk\u00fcnfte Bayreuth Unterk\u00fcnfte Thyrnau bei Passau Sonstiges CMD Anamnese- &amp; Befundbogen Pschick Sales Katalog Korrigenda\/Erg\u00e4nzungen Manuelle Therapie \u2013 Mehr als nur Mobilisation! Kursskripte Manuelle Therapie der &hellip;\" \/>\n<meta property=\"og:url\" content=\"https:\/\/pschick-group.de\/fortbildungsakademie\/downloads\" \/>\n<meta property=\"og:site_name\" content=\"Fortbildungsakademie - Markus Pschick GmbH\" \/>\n<meta property=\"article:modified_time\" content=\"2026-02-13T14:31:25+00:00\" \/>\n<meta property=\"og:image\" content=\"https:\/\/pschick-group.de\/fortbildungsakademie\/wp-content\/uploads\/sites\/11\/2026\/02\/Titelseite-2026-2-212x300.jpg\" \/>\n<meta name=\"twitter:card\" content=\"summary\" \/>\n<script type=\"application\/ld+json\" class=\"yoast-schema-graph\">{\"@context\":\"https:\/\/schema.org\",\"@graph\":[{\"@type\":\"WebSite\",\"@id\":\"https:\/\/pschick-group.de\/fortbildungsakademie\/#website\",\"url\":\"https:\/\/pschick-group.de\/fortbildungsakademie\/\",\"name\":\"Fortbildungsakademie - Markus Pschick GmbH\",\"description\":\"Ein Unternehmen der Pschick Group\",\"potentialAction\":[{\"@type\":\"SearchAction\",\"target\":\"https:\/\/pschick-group.de\/fortbildungsakademie\/?s={search_term_string}\",\"query-input\":\"required name=search_term_string\"}],\"inLanguage\":\"de\"},{\"@type\":\"ImageObject\",\"@id\":\"https:\/\/pschick-group.de\/fortbildungsakademie\/downloads#primaryimage\",\"inLanguage\":\"de\",\"url\":\"https:\/\/pschick-group.de\/fortbildungsakademie\/wp-content\/uploads\/sites\/11\/2026\/02\/Titelseite-2026-2-scaled.jpg\",\"width\":1810,\"height\":2560},{\"@type\":\"WebPage\",\"@id\":\"https:\/\/pschick-group.de\/fortbildungsakademie\/downloads#webpage\",\"url\":\"https:\/\/pschick-group.de\/fortbildungsakademie\/downloads\",\"name\":\"Downloads - Fortbildungsakademie - Markus Pschick GmbH\",\"isPartOf\":{\"@id\":\"https:\/\/pschick-group.de\/fortbildungsakademie\/#website\"},\"primaryImageOfPage\":{\"@id\":\"https:\/\/pschick-group.de\/fortbildungsakademie\/downloads#primaryimage\"},\"datePublished\":\"2015-10-14T18:04:13+00:00\",\"dateModified\":\"2026-02-13T14:31:25+00:00\",\"inLanguage\":\"de\",\"potentialAction\":[{\"@type\":\"ReadAction\",\"target\":[\"https:\/\/pschick-group.de\/fortbildungsakademie\/downloads\"]}]}]}<\/script>\n<!-- \/ Yoast SEO plugin. -->","_links":{"self":[{"href":"https:\/\/pschick-group.de\/fortbildungsakademie\/wp-json\/wp\/v2\/pages\/1611"}],"collection":[{"href":"https:\/\/pschick-group.de\/fortbildungsakademie\/wp-json\/wp\/v2\/pages"}],"about":[{"href":"https:\/\/pschick-group.de\/fortbildungsakademie\/wp-json\/wp\/v2\/types\/page"}],"author":[{"embeddable":true,"href":"https:\/\/pschick-group.de\/fortbildungsakademie\/wp-json\/wp\/v2\/users\/1"}],"replies":[{"embeddable":true,"href":"https:\/\/pschick-group.de\/fortbildungsakademie\/wp-json\/wp\/v2\/comments?post=1611"}],"version-history":[{"count":95,"href":"https:\/\/pschick-group.de\/fortbildungsakademie\/wp-json\/wp\/v2\/pages\/1611\/revisions"}],"predecessor-version":[{"id":349963,"href":"https:\/\/pschick-group.de\/fortbildungsakademie\/wp-json\/wp\/v2\/pages\/1611\/revisions\/349963"}],"wp:attachment":[{"href":"https:\/\/pschick-group.de\/fortbildungsakademie\/wp-json\/wp\/v2\/media?parent=1611"}],"curies":[{"name":"wp","href":"https:\/\/api.w.org\/{rel}","templated":true}]}}