{"id":1961,"date":"2015-09-30T22:20:53","date_gmt":"2015-09-30T20:20:53","guid":{"rendered":"http:\/\/pschick-group.de\/dgf\/?page_id=1961"},"modified":"2015-09-30T22:20:53","modified_gmt":"2015-09-30T20:20:53","slug":"aerzte-info","status":"publish","type":"page","link":"https:\/\/pschick-group.de\/dgf\/aerzte-info\/","title":{"rendered":"\u00c4rzte Info"},"content":{"rendered":"<p>Sehr geehrte \u00c4rztinnen und \u00c4rzte,<\/p>\n<p>Seit dem\u00a001.05.2010 schlie\u00dfen wir im <b><strong>Gesundheitszentrum Obertraubling<\/strong><\/b> eine L\u00fccke in der Versorgung der Patienten, in Zusammenarbeit mit dem Gesundheits- und Rehasport Obertraubling e.V.<\/p>\n<p><b><strong>\u00a0<\/strong><\/b><\/p>\n<p><b><strong>Was ist Rehasport?<\/strong><\/b><\/p>\n<p>Rehabilitationssport wirkt mit den Mitteln des Sportes ganzheitlich auf Menschen mit Einschr\u00e4nkungen und Behinderung ein.<\/p>\n<p>Rehasport kombiniert Gymnastik, Kr\u00e4ftigungs\u00fcbungen, Ausdauertraining und Entspannung.<\/p>\n<p>Rehasport schlie\u00dft insbesondere die Therapiel\u00fccke, die entsteht, wenn Heilmittelverordnungen nicht mehr m\u00f6glich bzw. angezeigt sind.<\/p>\n<p>Rehasport sollte nicht an Stelle einer Heilmittelverordnung verordnet werden, da dies nicht Sinn und Zweck von Rehasport ist.<\/p>\n<p>&nbsp;<\/p>\n<p><b><strong>\u00c4rztliche Verordnung<\/strong><\/b><\/p>\n<p>Ihre nicht <b><strong>Budget belastende<\/strong><\/b> Verordnung (Muster 56) ist die Grundlage<\/p>\n<p>bei der Pr\u00fcfung der Leistungs\u00fcbernahme durch die Kostentr\u00e4ger und<\/p>\n<p>muss deshalb unbedingt enthalten:<\/p>\n<ul>\n<li>\u00a0Diagnose nach ICD 10 mit Funktions- \/\u00a0Belastungseinschr\u00e4nkung im Sport<\/li>\n<li>\u00a0Rehabilitationsgrund\/-ziel(e)<\/li>\n<li>\u00a0Rehabilitationsumfang &amp; Anzahl\u00a0der \u00dcbungseinheiten (\u00dcE)<\/li>\n<li>Empfehlung hinsichtlich definierter\u00a0Rehabilitationssportarten und &#8211; Inhalten<\/li>\n<li>Unbedingt die R\u00fcckseite beachten und\u00a0ausf\u00fcllen!<\/li>\n<\/ul>\n<p>&nbsp;<\/p>\n<p><b><strong><b><strong>Das bedeutet f\u00fcr den Patienten:<\/strong><\/b><\/strong><\/b><\/p>\n<p>Nach Erhalt der Verordnung reicht der Patient diese seinem Kostentr\u00e4ger zur Genehmigung ein.<\/p>\n<p>Anschlie\u00dfend gibt er den genehmigten Antrag im Gesundheitszentrum Obertraubling ab und erh\u00e4lt (im Regelfall):<\/p>\n<ul>\n<li><b><strong>50<\/strong><\/b> Einheiten a 45min <b><strong>Rehasport<\/strong><\/b><\/li>\n<li>durchgef\u00fchrt von speziell ausgebildeten Physiotherapeuten<\/li>\n<li>in einer Gruppe von max. 15 Teilnehmern<\/li>\n<li>ohne weitere Kosten f\u00fcr den Patienten<\/li>\n<li>g\u00fcltig f\u00fcr 18 Monate<\/li>\n<\/ul>\n<p>Momentan sind orthop\u00e4dische Gruppen in Planung mit Diagnosen im Bereich der Wirbels\u00e4ule und der unteren Extremit\u00e4t.<\/p>\n<p>Das Angebot kann aber auf Nachfrage schnell und mit Ihrer Hilfe angepasst werden !!!<\/p>\n","protected":false},"excerpt":{"rendered":"<p> [&hellip;]<\/p>\n","protected":false},"author":1,"featured_media":0,"parent":0,"menu_order":0,"comment_status":"closed","ping_status":"closed","template":"","meta":{"ngg_post_thumbnail":0,"footnotes":""},"class_list":["post-1961","page","type-page","status-publish","hentry"],"yoast_head":"<!-- This site is optimized with the Yoast SEO plugin v15.0 - https:\/\/yoast.com\/wordpress\/plugins\/seo\/ -->\n<meta name=\"robots\" content=\"index, follow, max-snippet:-1, max-image-preview:large, max-video-preview:-1\" \/>\n<link rel=\"canonical\" href=\"https:\/\/pschick-group.de\/dgf\/aerzte-info\/\" \/>\n<meta property=\"og:locale\" content=\"de_DE\" \/>\n<meta property=\"og:type\" content=\"article\" \/>\n<meta property=\"og:title\" content=\"\u00c4rzte Info - Villa Medica Dingolfing\" \/>\n<meta property=\"og:description\" content=\"[&hellip;]\" \/>\n<meta property=\"og:url\" content=\"https:\/\/pschick-group.de\/dgf\/aerzte-info\/\" \/>\n<meta property=\"og:site_name\" content=\"Villa Medica Dingolfing\" \/>\n<meta name=\"twitter:card\" content=\"summary\" \/>\n<script type=\"application\/ld+json\" class=\"yoast-schema-graph\">{\"@context\":\"https:\/\/schema.org\",\"@graph\":[{\"@type\":\"WebSite\",\"@id\":\"https:\/\/pschick-group.de\/dgf\/#website\",\"url\":\"https:\/\/pschick-group.de\/dgf\/\",\"name\":\"Villa Medica Dingolfing\",\"description\":\"Eine weitere Pschick Group Seiten Website\",\"potentialAction\":[{\"@type\":\"SearchAction\",\"target\":\"https:\/\/pschick-group.de\/dgf\/?s={search_term_string}\",\"query-input\":\"required name=search_term_string\"}],\"inLanguage\":\"de\"},{\"@type\":\"WebPage\",\"@id\":\"https:\/\/pschick-group.de\/dgf\/aerzte-info\/#webpage\",\"url\":\"https:\/\/pschick-group.de\/dgf\/aerzte-info\/\",\"name\":\"\\u00c4rzte Info - Villa Medica Dingolfing\",\"isPartOf\":{\"@id\":\"https:\/\/pschick-group.de\/dgf\/#website\"},\"datePublished\":\"2015-09-30T20:20:53+00:00\",\"dateModified\":\"2015-09-30T20:20:53+00:00\",\"inLanguage\":\"de\",\"potentialAction\":[{\"@type\":\"ReadAction\",\"target\":[\"https:\/\/pschick-group.de\/dgf\/aerzte-info\/\"]}]}]}<\/script>\n<!-- \/ Yoast SEO plugin. -->","_links":{"self":[{"href":"https:\/\/pschick-group.de\/dgf\/wp-json\/wp\/v2\/pages\/1961"}],"collection":[{"href":"https:\/\/pschick-group.de\/dgf\/wp-json\/wp\/v2\/pages"}],"about":[{"href":"https:\/\/pschick-group.de\/dgf\/wp-json\/wp\/v2\/types\/page"}],"author":[{"embeddable":true,"href":"https:\/\/pschick-group.de\/dgf\/wp-json\/wp\/v2\/users\/1"}],"replies":[{"embeddable":true,"href":"https:\/\/pschick-group.de\/dgf\/wp-json\/wp\/v2\/comments?post=1961"}],"version-history":[{"count":1,"href":"https:\/\/pschick-group.de\/dgf\/wp-json\/wp\/v2\/pages\/1961\/revisions"}],"predecessor-version":[{"id":1971,"href":"https:\/\/pschick-group.de\/dgf\/wp-json\/wp\/v2\/pages\/1961\/revisions\/1971"}],"wp:attachment":[{"href":"https:\/\/pschick-group.de\/dgf\/wp-json\/wp\/v2\/media?parent=1961"}],"curies":[{"name":"wp","href":"https:\/\/api.w.org\/{rel}","templated":true}]}}